 = -s**2 - 9*s - 6. Let i be f(-9). Let k(j) = j**2 - 5*j - 2. Let t(b) = 6*b**2 - 24*b - 11. Let g(p) = 11*k(p) - 2*t(p). Give g(i).
6
Let o(t) = -t**2 - 7*t + 10. Suppose -4*s + 7 = -r, 4*r - 2*r - 10 = -4*s. Suppose -s*f - 15 = -1. Calculate o(f).
10
Let g(z) be the third derivative of z**5/60 + z**4/4 - z**3 - 6*z**2. Let d = -33 - -21. Let k be 1*d*(-1)/(-2). Calculate g(k).
-6
Let t(i) = -2*i - 2. Let u(j) = -3*j - 2. Suppose -2*n = 26 - 16. Let l(p) = n*u(p) + 6*t(p). What is l(-3)?
-11
Let h(j) = -946 + j + 928 - 3*j. What is h(-8)?
-2
Let p be 2 + -2*2 + 22 + -20. Suppose -4*g - 5*q + 36 = 0, 2*g - 3*q = -g. Suppose 4*o + 20 = 0, p*b = -g*b + o + 1. Let u(h) = -4*h**2 - 1. Give u(b).
-5
Let h(p) = -33*p**2. Suppose 5959*m = 5955*m - 4. Calculate h(m).
-33
Let a(y) = 2*y**2 - 3*y - 1. Let f be a(3). Let h(v) = 2*v + 20 + 4 - 23 + f. What is h(-6)?
-3
Suppose -4*v + 2*v = 0. Let q(w) = 2 + w**2 - 23*w + 63*w - 28*w - 11*w. What is q(v)?
2
Let g(v) = v**2 + 3*v + 2. Let a be 28*(1 + -3 + 1). Let j = -30 - a. Determine g(j).
0
Let r = -5 - -3. Let k be (0 - r)/((-2)/4). Let w be 0 + 2 - (1 + k). Let j(p) = -p + 10. Give j(w).
5
Let r(v) = 9*v**2 + 2*v + 1. Let f be r(-1). Suppose f = -5*g + g. Let w(t) = -t**2 - 2. Determine w(g).
-6
Let a(v) be the second derivative of v**5/20 - v**4/3 + 2*v**2 + v. Let w(x) = -x + 21. Let n be w(19). Let k be 1 - 1 - (-1 - n). Determine a(k).
-5
Let j be ((-3)/(-2))/(3/8). Let w(h) be the second derivative of 2*h**3/3 - 5*h**2/2 + 372*h. Determine w(j).
11
Let d(z) = 2*z + 5. Let c be d(11). Let f = -26 + c. Let j(t) = -7 + 26*t**2 - t - 25*t**2 + f. What is j(0)?
-6
Suppose 0 = -5*g - 2*v - 29, -4*v - 5 = 3. Let q(a) = a**2 - 3*a. Calculate q(g).
40
Let m(o) be the second derivative of o**4/12 + 5*o**2/2 - 135*o. What is m(-5)?
30
Let t(z) = z**2 - 14 + 6*z + 14 - 7*z. Calculate t(2).
2
Let g(i) be the first derivative of i**4/4 - 3*i**3 - 3*i**2 - 2*i + 90. Determine g(10).
38
Let w be (-6)/3 + 1 + 1. Suppose -2*y + w*y + 29 = 5*b, -y - 3*b = -17. Let d(x) = y*x - x - 6*x + 0*x - 1. What is d(1)?
-6
Let d be (-1)/(10/(-4) - -2). Let i(p) = 0*p + 4 - 2*p**2 + 2*p - 4 - d. What is i(2)?
-6
Suppose 0 = -5*j - 15 + 120. Let w = 26 - j. Let d(s) = 2*s + 4. What is d(w)?
14
Suppose 3*v = 2*k - 6*k - 64, -3*k = -3*v + 48. Let w be (-1)/2*k/8. Let m(l) = -5*l**3 + 2*l - w + 2*l**2 + 2 + 7*l**3 - 4*l. Determine m(1).
3
Let a(g) = 5*g**2 - g**3 - 71*g + 2 + 79*g - 1. What is a(6)?
13
Let c = 41 - 35. Suppose -42*g = -45*g + c. Let p(q) = 8*q - 1. What is p(g)?
15
Let m(r) = 8*r**2 + 21*r + 6. Let l(a) = -23*a**2 - 61*a - 19. Let j(o) = 6*l(o) + 17*m(o). Give j(-3).
-3
Let k be 6*8/30 + 2/5. Let h(b) = b + 7. Let t be h(k). Let x(l) = -l + 8. Give x(t).
-1
Let o = -24 + 24. Let u(r) be the third derivative of r**6/120 + r**4/24 - 13*r**3/6 - 2*r**2. What is u(o)?
-13
Let i(b) be the second derivative of -b**4/6 + 2*b**3/3 - b**2/2 - b. Let n be (4/3)/(4/3). Suppose -n = -c + 2. Calculate i(c).
-7
Let i(r) = -r**3 + 4*r**2 + 4*r + 1. Let c(d) = -2*d**2 - 2. Let v be c(0). Let q be -5*(1 + (-4 - v)). What is i(q)?
-4
Let g(j) = 11*j + 15. Let v(f) be the first derivative of 7*f**2/2 + 10*f - 18. Let u(b) = -5*g(b) + 8*v(b). Calculate u(0).
5
Let p(z) = z - 5. Let f(i) = -5*i + 10. Let v be f(2). Suppose -2*g - 5*g - 2*g = v. Calculate p(g).
-5
Let s(x) = -x + 1. Let h = 11 - -2. Suppose 3*u - 15 = 0, 3*v = u + u - h. Let n be s(v). Let q(a) = 3*a**2 - 2*a - 2. Determine q(n).
6
Let b be (-10)/15*(-18)/4. Let l(t) = -1 + b - 2 - 3*t. Let q = 33 + -37. Calculate l(q).
12
Suppose 0 = -2*m + 3*m + 4, 0 = 2*u + 4*m + 26. Let n(j) = -j**2 + 8*j - 4. Let y be n(7). Let h(d) = 3*d**3 + y + 1 - 4*d**3 + 5*d**2 + 2*d**3. Determine h(u).
4
Let k(y) = -y + 5. Let s(p) = 5*p - 19. Let c(x) = 9*k(x) + 2*s(x). Let f be (-4 - 1) + 7/((-56)/24). Calculate c(f).
-1
Let b be 9*(-3)/(-18)*(-4)/(-2). Let k = -2 - -5. Suppose g + 5 = -k*s - 2, g - b*s + 1 = 0. Let o(x) = 3*x + 6. Calculate o(g).
-6
Suppose 2*n = -3*n + 5, -n = -5*a + 34. Let r = a - 5. Suppose -2*y - 7 = -r*s - s, 3*y - 2*s + 13 = 0. Let g(t) = t + 12. Give g(y).
7
Let h(w) = -w**3 - 6*w**2 + 6*w - 6. Suppose 2*c = j - 0*j + 5, 5*j + c + 36 = 0. Give h(j).
1
Suppose 8*t + 9 = 11*t. Let r(j) = -15*j - 21*j + t*j**2 + 38*j - 3 - 4*j**2. Let v = 7 - 5. Give r(v).
-3
Let k(u) = -u**3 + 10*u**2 + 5*u - 12. Let r be (1*-1)/(-1*(-11)/(-121)). Give k(r).
-78
Let n = -17 + 12. Let i(j) be the third derivative of 0 + 0*j - 5/6*j**3 + j**2 + 1/24*j**4. Give i(n).
-10
Let s be 4/(-3)*(4 - 25). Suppose -8 = -4*z - s. Let b(l) = 2*l - l - 2 + 1. Determine b(z).
-6
Let r(h) = -2*h - 153*h**3 - 8 - 4*h**2 + 154*h**3 + 0*h. Determine r(5).
7
Let k = 1233 - 1233. Let u(w) = -w - 56. Give u(k).
-56
Let t(p) = -p**2 - 9*p - 9. Let d(j) = j**3 + 36*j**2 - 76*j - 6. Let x be d(-38). What is t(x)?
9
Let b(f) = 3*f - 25. Let z be b(10). Suppose 5*l = -4*x - z, 2*x + 3*l = l - 2. Let q(k) = -k**3 + k**2 - k - 16. Calculate q(x).
-16
Let a(q) = -q - 1. Let m(o) = -17*o - 9. Let z(h) = 2*a(h) - m(h). Let b(k) = -46*k - 20. Let s(c) = 6*b(c) + 17*z(c). What is s(-1)?
20
Let k(p) = -2*p**2 + 4*p + 3*p + 3*p - p - 5. What is k(6)?
-23
Let f(s) be the first derivative of s**3/3 + 3*s**2 - 4*s + 2. Let r = 2586 + -2594. Calculate f(r).
12
Let s(k) = k**3 + 4*k**2 + k. Let d(v) = 3*v**2 + 39*v + 117. Let u be d(-5). Determine s(u).
6
Let y(o) be the first derivative of 5*o**2/2 - o - 30. Let j = -14 + 11. Give y(j).
-16
Suppose 2*c + 55 - 29 = 0. Let p be c/(-3) + -4*(-3)/18. Let n(b) = -b**2 + 5*b + 2. Calculate n(p).
2
Let p(c) = -c**3 + 6. Let b be p(0). Suppose -b*v = -3*v + 12. Let s(x) be the first derivative of x**4/4 + 5*x**3/3 + 5*x**2/2 + 4*x - 1. What is s(v)?
0
Let w(c) be the first derivative of c**4/4 - 7*c**3/3 + 4*c**2 - 2*c + 7. Suppose 3*b + b = 24. Calculate w(b).
10
Let s = -3 - -9. Let r(f) = 1 - s*f - 4*f + 3*f + f**2 - 11. Determine r(9).
8
Let a(l) be the second derivative of 15*l - 1/12*l**4 + 0 - 1/2*l**3 - 3/2*l**2. Let v(r) = -2*r**3 + 4*r**2 - 3*r + 1. Let x be v(2). Determine a(x).
-13
Let h be ((-2)/(-4))/((-1)/12). Let o(j) = -7*j**2 - 4*j**3 - 4*j + 4*j**3 + 7 + 4*j**3 + 0 - 5*j**3. What is o(h)?
-5
Let f(r) = 3*r + 23. Let s(x) = 5*x - 2. Let z(i) = i + 1. Let t(a) = -s(a) + 6*z(a). Let n(v) = 4*f(v) - 11*t(v). Give n(-7).
-3
Let q(h) be the second derivative of 0*h**2 - 1/120*h**5 - 3*h + 0 + 0*h**3 - 1/3*h**4 - 1/240*h**6. Let l(w) be the third derivative of q(w). What is l(-1)?
2
Let d(n) = n**3 + 8*n**2 + n - 14. Let o be d(-6). Suppose -4*t = 16 - o. Let j(z) = -8*z - t*z + 18*z. Determine j(-1).
-1
Let b = 27 - 25. Let c = -1 + b. Let d(v) = -3*v**3 + v**2 + v - 1. Let m be d(c). Let h(p) = -p**2 - 3*p - 1. Determine h(m).
1
Let i be ((-270)/72)/((-3)/16). Suppose 6*b - 2*b - 56 = 0. Let m = i - b. Let x(f) = 2*f - 4. Calculate x(m).
8
Let j(a) = 7*a + 14. Let h(k) = 3*k - 1. Let g(i) = 2*h(i) - j(i). What is g(-8)?
-8
Let n(g) = -g + 4. Suppose -o = 3*u - 13, 0 = -2*u + 2*o + 2 - 4. Let m be 2*6/9*u. Let t = m + -10. Calculate n(t).
10
Let k(f) = -4*f - 207*f**3 + 4*f**2 - 2 - 5 + 208*f**3. Give k(-5).
-12
Let a(z) be the third derivative of -z**4/8 + 5*z**3/6 + z**2. Suppose 1 = -2*y - 5*s - 27, 0 = 5*y - 3*s + 8. What is a(y)?
17
Let a(y) = y**3 + 2*y**2 + 3. Let m(j) = j**2. Let n(c) = a(c) - m(c). Let w be n(0). Let u(l) = 3*l - 3. Calculate u(w).
6
Let g(q) be the third derivative of -1/6*q**3 + 0*q + 0 - 1/8*q**4 + 9*q**2. Give g(-2).
5
Suppose 59 = 5*m - q - 2, -2 = 2*q. Suppose 2*w + 0*w = m. Let c(i) = -8*i + 2*i + 3*i**2 - 2*i**2 + 1. Calculate c(w).
1
Let g(l) be the third derivative of l**6/120 - 17*l**5/60 - l**4/12 + l**3/2 - 5*l**2 + 8*l. Calculate g(17).
-31
Let x(a) be the second derivative of -a**4/12 + a**3/6 + 2*a**2 - 160*a. Determine x(3).
-2
Suppose -3*h = -g - 2*g + 12, -16 = -2*h - 4*g. Let t(j) be the third derivative of j**6/120 - j**5/60 - j**4/24 + 4*j**3 - 3*j**2 - 73. Determine t(h).
24
Let b(h) = 2*h + 12. Let d be b(-5). Let x(y) = -4*y**2 - 11*y + 28. Let g(l) = l**2 + 4*l - 9. Let u(j) = d*x(j) + 7*g(j). Calculate u(6).
-7
Let h(d) = -d - 21. Let c(u) = 29*u + 160. Let i be c(-6). Calculate h(i).
-7
Let r(b) be the third 